
5
(-1 - -2) + (2 - 3 - -2)
2
What is 4 - (2 - -3) - (-4 + 1)?
2
What is (9 - 0 - 3) + -5?
1
-10 - ((5 - 12) + -4)
1
-2 + 0 - (-6 - -9)
-5
What is 4 + -1 + -16 + 18?
5
Evaluate 4 - ((-9 - -7) + 2).
4
-15 + 11 - (1 + -5)
0
Calculate -2 - 1 - (3 - 2).
-4
What is (-10 - -2) + 10 + -7 + 7?
2
2 + (4 - 6) + -2
-2
What is 6 + -2 + (-15 - -16)?
5
5 + (0 + -6 - -4)
3
What is the value of -3 - (9 + -8 - -2) - -15?
9
What is the value of (3 - 1) + -1 - 3?
-2
(-1 - 4) + -4 + 7
-2
Evaluate -23 + 32 + -6 - (1 - 3).
5
Calculate -5 + 3 - 2 - (-1 - 6).
3
What is the value of 2 + 14 + (33 - 45)?
4
What is the value of -9 + 5 + 2 + 6 + 0?
4
Evaluate -1 - 2 - (-5 + 6).
-4
Calculate 0 - 0 - (4 - -3).
-7
What is 1 - (1 + (-2 - (-4 + -1)))?
-3
Calculate (-3 - 6) + (7 - 1).
-3
25 - (17 - 5) - (0 + 8)
5
Evaluate 7 - (0 + 3 - (1 - 2)).
3
What is the value of -66 + 61 - (-10 - -1 - -1)?
3
Evaluate -10 + 5 + -11 + 11.
-5
Evaluate 4 + 0 + -4 + 3 - 4.
-1
What is the value of 1 + -5 - (2 - 4)?
-2
What is the value of -2 - (-5 - -4 - 0)?
-1
(5 - -3) + -8 + -4 + 1
-3
26 + -17 - (-1 + 4)
6
Evaluate -3 + (1 - (-1 - -1)).
-2
Evaluate 5 - (-1 - (-1 - 3)).
2
Calculate (-51 - -65) + -11 + 0.
3
35 + -31 - ((-1 - 0) + 7)
-2
Calculate (-3 - 1) + (70 - 61).
5
Calculate -5 + (26 - 11) + -2.
8
What is (7 - ((-2 - 0) + 5)) + -1?
3
Evaluate (3 - (-6 - (2 + -3))) + -3.
5
What is -3 - (-8 + 1 - (6 + -5))?
5
What is 9 + -8 + -2 - (-2 - -1)?
0
What is -16 + 8 + (-4 - -5) + 2?
-5
Evaluate 9 + (-6 - -2 - (-23 - -23)).
5
0 + 10 + 4 - (4 + 1)
9
What is the value of (15 - 28) + 10 + (1 - -1)?
-1
What is 1 + 3 - (9 - 2)?
-3
What is 8 + (8 - 19) + 10?
7
Evaluate 3 + -7 - 6 - -8.
-2
-6 + 1 + (-4 - 5 - -11)
-3
9 + (-8 - (-1 + -4))
6
What is the value of 0 - (13 + (-1 - 6))?
-6
Evaluate 36 + -43 + 0 + 13.
6
What is the value of 8 + 1 - 8 - 0?
1
Evaluate -1 + 1 - -2 - (5 - 1).
-2
Evaluate -5 + 4 + -2 - (7 - 13).
3
8 + 12 + -18 - 8
-6
What is the value of (0 - -7) + (-8 - (-5 + -3))?
7
Evaluate -2 - (0 + (-2 - -1) + -4).
3
-2 - (-3 + -6 + 5)
2
Evaluate -24 + 26 - ((-2 - -1) + 6).
-3
Calculate (6 - (6 + -1)) + -6.
-5
3 + -15 + 11 + (-4 - 0)
-5
What is (0 - -3 - 4) + 3?
2
Evaluate 14 + -1 + -27 + 11.
-3
Evaluate -6 - (-2 - 1 - (-1 - 2)).
-6
What is the value of 2 + (9 - (13 - 7))?
5
What is -2 - (-3 + 5 + 0) - -3?
-1
-1 - (4 - (4 + 1))
0
Evaluate -5 - (2 + (-5 - -3)).
-5
-3 + (-4 + 4 - 1)
-4
(0 - 0) + (2 - -2) - 6
-2
Calculate 0 - (4 + -1 + 0).
-3
Evaluate (3 - 7) + 4 + 4.
4
Calculate -3 - (1 - -1) - (7 - 7).
-5
4 - (4 + -2 - 3) - 4
1
What is 4 - (2 + -3 + 7)?
-2
What is the value of 6 + (-1 - 0) + -3?
2
What is -6 + 8 + 3 + -5?
0
-5 + (5 - -6) + (0 - 2)
4
What is the value of -1 + 3 - 0 - 2 - 5?
-5
What is -1 + (6 - 1) + 0?
4
What is 0 - 1 - (-3 - (-7 - -9))?
4
(-1 - (2 - 3)) + -2 + 0
-2
What is (0 - -1) + -1 + (29 - 30)?
-1
(9 - (4 + (0 - 1))) + -10
-4
What is 2 - 0 - -2 - 5?
-1
0 - 1 - (2 + -1)
-2
What is 5 - 4 - (-2 - -8) - -9?
4
0 + 2 - (1 + 2 + 4)
-5
-9 + (15 + 11 - 10)
7
What is -9 + 12 - (7 - (-3 + 2))?
-5
What is 4 + -4 + -2 + 4?
2
Calculate (7 - (-1 + 6)) + -3 + -3.
-4
Calculate (-4 + 7 - -1) + (0 - 0).
4
What is (12 - (6 + -9)) + -11?
4
What is the value of 4 + (-8 - (-4 + 2))?
-2
Calculate (5 - (12 + -1)) + -1 + 3.
-4
Evaluate (-7 - -11) + 1 - (-3 - -8).
0
Calculate 0 - (-5 - -1 - -12) - -4.
-4
Evaluate 2 - (3 + (-8 - -2 - -1)).
4
What is the value of -3 - ((3 - -4) + -5)?
-5
What is the value of 4 - 7 - -4 - 4 - 0?
-3
2 + (-2 - -1 - (-11 + 11))
1
What is the value of 1 + (2 - 6) + 4?
1
Calculate (-5 - -1) + (1 - 2 - -1).
-4
Evaluate -5 - 2 - -4 - (-2 - 0).
-1
What is 2 - (-8 + 18) - -12?
4
Evaluate 7 - (8 - (16 + -4)).
11
What is the value of -17 + (6 - -12) - (1 + 6)?
-6
Evaluate 9 + (0 - 4) - 5.
0
Calculate -6 + 7 - 4 - 3.
-6
What is the value of -2 - (-6 - (-4 - -2)) - -2?
4
Evaluate (-10 - -3) + (2 - -3).
-2
-1 - (-6 - (-3 + 2) - -13)
-9
What is the value of -20 + (-10 - -32) + (3 - 1)?
4
What is the value of -4 - (4 - (11 - 7))?
-4
Calculate 9 + (-1 - 3) + (-12 - -12).
5
Calculate 6 - (2 + 6 + -3 - 3).
4
What is the value of -2 + (1 - 0) - (-18 - -14)?
3
(15 - 13) + -1 + 1
2
Evaluate -7 + (4 + 5 - -1).
3
2 + (-4 - -10 - 3) - 5
0
Calculate -4 + (9 - 1) + (-2 - -1).
3
2 + (-5 - -2 - -3 - 6)
-4
Evaluate (10 - (2 - 3)) + -6.
5
What is the value of -8 - (-17 + -6 + 12)?
3
Evaluate -11 - (-8 - (12 + -9)).
0
Calculate (-1 - -8) + -5 + -1 + 3.
4
What is the value of 3 - (-2 + (-5 - -9))?
1
-3 + (0 + 3 - 0)
0
-4 + 24 + -24 + (6 - 1)
1
5 - (-4 - (1 - 4) - -8)
-2
-2 + (11 - 11) + 6
4
What is the value of 4 - (5 + -3 + -1)?
3
(-1 - -2 - 5) + -30 + 29
-5
What is the value of -3 + -4 + 2 - -7?
2
Evaluate -3 + (6 - (-6 - -12)).
-3
Evaluate -10 + 20 + -10 + (2 - 10).
-8
What is the value of (10 - 12) + (0 - 2)?
-4
Evaluate (-8 - -5 - -6) + -6 + -1.
-4
Evaluate 5 + -5 - 1 - (-1 + 2).
-2
Evaluate (-1 - 6) + (-61 - -71).
3
What is -3 + (-9 - -14) - (1 + -5)?
6
Calculate (0 + 4 - 3) + 0.
1
Evaluate -1 + (-4 - -8) + 1 + -5.
-1
Evaluate 2 + (-1 - -2) + 38 + -37.
4
What is the value of (7 - 4) + (-9 - -3)?
-3
What is the value of (14 - 4) + 0 - 5?
5
What is -3 - (-2 + 3 + -7)?
3
What is the value of 2 + -5 + 5 + -7?
-5
Calculate (-5 + 1 - -6) + (-5 - 2).
-5
Calculate -9 + 9 + 0 - -7.
7
(0 - (-1 + (-4 - -5))) + 0
0
0 - (2 + -8) - (7 + -5)
4
-7 + 7 - (2 - -1)
-3
Evaluate -3 + (-3 - -3) + 4.
1
Evaluate -5 + 6 - (-1 + 2).
0
What is (-4 - -14) + -14 + 0?
-4
Calculate -3 - (0 + 4) - (-4 - 0).
-3
Calculate -4 - (-3 + 3 + 0) - 1.
-5
What is the value of -1 + 5 + -2 + -7?
-5
-4 + 10 + 10 + -13
3
-7 - -11 - (6 + -9 + 2)
5
Evaluate -6 - (-7 + -2 - -4).
-1
Evaluate -2 + -1 - (-30 - -28) - 4.
-5
Calculate -5 + (8 - 1) + -12.
-10
What is the value of 5 + (-9 - -10) + 0 + -1?
5
What is the value of 0 + (5 - -2) + -3?
4
Calculate 15 + -9 + (5 - 4).
7
0 + 1 + 0 + 0 + 1
2
What is the value of -2 + ((6 - -8) + -6 - -3)?
9
What is the value of 1 + 1 + (-7 - 0)?
-5
What is the value of 4 - (-11 + 22 + 2)?
-9
Evaluate -2 + (2 - -6 - 4).
2
Evaluate (1 - 2) + 70 + -60.
9
What is 4 + (0 - (-4 - -7))?
1
What is -10 + 22 + (-4 - (8 + -4))?
4
Calculate 10 - (3 + (6 - (-2 - -7))).
6
What is the value of -7 - (29 - 23 - (-1 + 8))?
-6
Calculate (8 + 3 + -4 - 0) + -2.
5
What is the value of 2 + -4 - -5 - (0 - 0)?
3
Evaluate 0 - -2 - (-6 + -5 + 12).
1
What is the value of 2 + 5 + 49 + -62?
-6
What is the value of 4 - (0 + -4) - 8?
0
Evaluate (0 - 6 - 1) + -7 + 16.
2
What is -6 - -5 - (2 - 2 - 4)?
3
6 + 4 + -10 - (6 + -11)
5
Evaluate (6 + -6 - -4) + -2 + -1.
1
What is 9 + -9 + (-4 - -1)?
-3
0 + (-3 - (1 + 0)) + 0
-4
1 + 0 + (-15 - -15)
1
Evaluate (1 - (-7 - 0)) + 1 + -5.
4
4 + (-2 - 5) + -3
-6
1 - (7 + 4 + -5) - -9
4
What is the value of 11 + -9 - (-4 - -6)?
0
17 + -26 + 1 - (-1 - 0)
-7
What is the value of -18 + 21 - (3 + 5)?
-5
Evaluate (29 - 33) + -1 + -1 + 0.
-6
-1 + 2 + (-8 - (-5 + -3))
1
What is 2 + -5 + 1 - 0?
-2
Calculate -7 + 1 + 6 + -1 + -7.
-8
Evaluate 19 + -21 - (4 + -2 + -3).
-1
Calculate 3 - ((3 - 1) + (-5 - -6)).
0
Evaluate 2 + (4 - (-2 - -3)).
5
What is -2 - -2 - ((-1 - 4) + 5)?
0
32 + -19 + -12 + 0
1
Evaluate -10 + 1 + 7 + 10.
8
What is the value of (8 - (3 + 4)) + 0 + 1?
2
Calculate (4 - 4) + -1 + 4 - 6.
-3
What is 5 + (-6 - (4 + -7)) + 1?
3
What is the value of 1 + (-4 - -3) - 3 - -2?
-1
Calculate 0 + -1 + 2 + -5 + 4.
0
Calculate -2 + -9 + 15 + (-9 - -1).
-4
What is the value of -7 + 7 - (7 + -6)?
-1
Evaluate -2 + -5 + 1 - -8.
2
Calculate 1 + (-5 - 4 - -3).
-5
Calculate (-4 - (0 + -4) - 0) + 6.
6
-3 + -4 - 0 - (-10 - -4)
-1
What is the value of -9 - (-5 + 5 - 0 - 2)?
-7
Evaluate -4 + (1 - 5) + 12.
4
What is the value of -7 + (14 - 4) + -10?
-7
(-2 - 8) + (7 - 2) + -1
-6
Calculate (4 - -4 - -6) + -8.
6
Evaluate -8 + 1 + 87 + -74.
6
What is the value of (2 - 5) + (-5 - -7)?
-1
What is 8 + -1 - 0 - 5?
2
-4 + -6 + 7 + -1 + 1
-3
2 + (1 + -2 - -1 - -3)
5
Evaluate -4 - (-4 + (-3 - -4)) - 1.
-2
-6 - ((11 - 25) + 5)
3
Calculate 0 + -4 - -7 - (1 - 1).
3
What is the value of -2 - 1 - (-4 - -13 - 16)?
4
What is 3 - (2 - ((2 - 6) + 3))?
0
Evaluate 3 - (-1 - 2) - 1.
5
What is the value of -3 + (-5 - 0 - -3)?
-5
Calculate 1 - (1 + 4 + -3).
-1
What is the value of 4 + 5 + -14 - (-8 - 1)?
4
What is -3 - ((-7 - -2) + -3) - -1?
6
Evaluate (